etermine l(2).
8
Let d(q) = 1 + 5*q + q**3 + q + 6*q**3 - 7*q. Let y be 3 + (-4 - (-4)/2). Give d(y).
7
Let p(v) be the first derivative of -6*v**2 - 5*v + 8. Let w(q) = 6*q + 2. Let g(j) = 2*p(j) + 5*w(j). Calculate g(1).
6
Let r be ((-6)/9)/(2/30). Let s = -7 - r. Let m(f) = -f**2 + 2*f + 4. What is m(s)?
1
Let y(k) be the first derivative of 1/3*k**3 - 1 + 3*k - 5/2*k**2. Determine y(6).
9
Let n(z) = z**2 - z + 1. Let w(d) = -d**2 - 7*d + 3. Suppose 12 = -2*f - 2. Let b be w(f). Calculate n(b).
7
Suppose -7 = -0*z - z. Let k(n) = -n**2 + 6*n + 10. Let s be k(z). Suppose 3 + 9 = s*x. Let f(o) = 2*o - 2. Determine f(x).
6
Suppose l + 25 = 6*l, -2*h + 5*l = 47. Let i(v) = -v - 8. Let f be i(h). Let o(c) = 5*c - 4. Determine o(f).
11
Let r(m) = -5*m + 6*m + 0*m - 3*m - 1. Calculate r(2).
-5
Let y = -10 + 14. Let k(o) = -4*o + 3. Determine k(y).
-13
Let b = -1 + 3. Let t(x) = -3*x**2 + b*x + 4*x + 2*x**2 - 4. Let m(d) = d**2 + 1. Let o be m(2). What is t(o)?
1
Let x(d) = -2*d - 4*d + 18*d - 3*d. What is x(1)?
9
Let h = -2 - -5. Let o(x) = -x + 5 + h - x - 1. What is o(5)?
-3
Let r(v) be the second derivative of -v**7/2520 + v**6/180 - v**5/60 - v**4/6 + 9*v. Let a(n) be the third derivative of r(n). Calculate a(2).
2
Let j = 11 + -8. Let r be (j - 3) + (1 - -2). Let m(u) = -u - 2*u**2 - 3*u**r + 2*u**3 - 2*u**2 + 1. Determine m(-4).
5
Let t be 6 + ((-2)/(-1) - 3). Let n = t - 4. Let r(o) = o - n + o - o - 4. Give r(5).
0
Let j(r) = r**2 - 2*r - 2. Let n be j(3). Let z(k) = k + 15. Let v be z(-12). Let m(g) = g + v*g - n - 2*g. Determine m(4).
7
Let l = 57 - 60. Let y(o) = -2*o - 1. Give y(l).
5
Let n(p) be the second derivative of -p**5/20 + 2*p**4/3 + p**3/3 - 7*p**2/2 - 28*p. Calculate n(8).
9
Let m(j) be the first derivative of -j**6/120 + j**5/30 - j**4/24 + j**3/3 + 2*j**2 - 1. Let f(y) be the second derivative of m(y). Calculate f(2).
0
Let h(n) = 3. Let v(i) = i - 1. Let s(b) = h(b) - v(b). Give s(-5).
9
Suppose -7 = 4*b + 5. Let g(n) = -8*n**2 + 3*n - 3. Let s(l) = -l**2 + l - 1. Let k(c) = g(c) - 6*s(c). Give k(b).
-6
Suppose -20 = -4*z, -4*z + 23 + 15 = 3*s. Let p(g) = -g**2 + 9*g - 4 - g**2 + g**2. What is p(s)?
14
Let d(z) = -z + 4. Let j(t) = t - 2. Let a(l) = -2*d(l) - 5*j(l). Give a(5).
-13
Let m be (3/4)/(2/8). Suppose 4*y - 17 = m*c, -2*y + y = -5*c - 17. Let o(x) = -1 + 2*x + 0*x**2 + 9*x**2 - 4*x**y. What is o(1)?
6
Let d(i) be the first derivative of 2 + 1/2*i**2 + i. Determine d(4).
5
Let v(x) = x**3 - 6*x**2 - 8*x + 3. Let y be v(7). Let o = 7 + y. Let h(d) = d**2 + 3*d**3 - 3*d**o + 5 - d**3 + d. What is h(0)?
5
Let g(l) = 8*l**2 - 10*l**3 + 11*l**3 - 3 - 6*l - 5*l**2. Let v(y) = -y**3 + 7*y**2 - 2*y + 10. Let r be v(7). What is g(r)?
5
Let f(l) be the third derivative of 3*l**7/280 + l**6/360 - 4*l**3/3 - 4*l**2. Let j(w) be the first derivative of f(w). Give j(1).
10
Let h(k) be the third derivative of -k**6/120 + 7*k**5/60 - 5*k**4/24 + 4*k**2. What is h(6)?
6
Suppose 4*a - 28 = -0. Suppose -a*p + 4*s = -2*p - 25, -4*p = -s - 20. Let h(f) = 0*f**3 + 5 - f + 2*f + f**3 - 2 - 5*f**2. Give h(p).
8
Let i = 8 - 1. Let v(f) = -f + 8. Let o be v(i). Let d(q) = 3*q**3 - 1. What is d(o)?
2
Let s(k) = 3*k + 1. Let d be s(2). Let x = d - 4. Let v(p) = 2*p - 6*p**3 + 7*p**x - p + 6 + p**2. What is v(0)?
6
Let l(r) be the second derivative of -r**5/20 + 7*r**4/12 - 2*r**2 + 7*r. What is l(7)?
-4
Let m(d) = -7*d - 8. Let h(k) = -k - 1. Let o(f) = 4*h(f) - m(f). Let a(n) = -7*n - 8. Let y(s) = 2*a(s) + 5*o(s). Give y(0).
4
Let z(g) be the third derivative of -g**6/720 + g**5/30 + g**4/12 + g**2. Let r(i) be the second derivative of z(i). Give r(6).
-2
Suppose -4*g = g. Let a(n) = n - 14. Calculate a(g).
-14
Let h be 0 + 1/(2/10). Let n(s) = -s**3 - s + 7. Let t(f) = -f**3 + f**2 + 6. Let c(x) = -3*n(x) + 4*t(x). Determine c(h).
-7
Let a be ((-16)/(-7) - 16/56) + 0. Let c(q) be the first derivative of -q**3 + q**2 + 2*q - 2. Give c(a).
-6
Suppose -3*k - 2*k + 5 = 0. Let d = k + 2. Let f(c) = c**2 - 3*c - 4. Determine f(d).
-4
Let n(u) = -9. Let t(b) = -b - 1. Let i(p) = -n(p) + t(p). Calculate i(7).
1
Let q(p) = 0*p + 0*p**2 + p**3 - 4*p**2 + 3*p + 3. Determine q(3).
3
Let i(r) be the first derivative of r**2/2 + 3*r + 1. Let n be -2 - 1 - 6/(-2). Calculate i(n).
3
Let r(k) = -2*k**2 - 5*k + 3. Let y(u) = -4*u**2 - 10*u + 6. Let n(l) = -5*r(l) + 3*y(l). Give n(-4).
-9
Let p(v) be the first derivative of -v**4/4 - 7*v**3/3 - 2*v**2 + 5*v + 2. Calculate p(-6).
-7
Let v(p) = -p**2 - 6*p - 5. Let s(u) = -u - 8. Let b be s(-3). What is v(b)?
0
Let f(d) = -2 - 2 + d + 5 + 2. Suppose -2*z + 4 + 2 = 0. Calculate f(z).
6
Let l(r) = -2*r**3 + 13 + r**3 - 2. Suppose -12*u + 9*u = 0. Calculate l(u).
11
Let g(x) = -13*x**3 + 4*x**2 - 5*x + 6. Let u(m) be the second derivative of -m**5/20 + m**4/12 - m**3/6 + m**2/2 - 3*m. Let h(o) = -g(o) + 5*u(o). Give h(1).
8
Let j = -17 + 12. Let w = j - -6. Let u(c) = 6*c**2 - c. Give u(w).
5
Let j(z) be the third derivative of z**6/120 + z**5/60 + z**4/24 + 5*z**3/2 - 39*z**2. Give j(0).
15
Let q = 271/6 + -45. Let y(v) be the second derivative of -1/20*v**5 - 3*v**2 + q*v**3 + 0 - 1/12*v**4 - 2*v. Give y(0).
-6
Let t(f) = -f**2 + 6*f + 2. Suppose -2*v - 15 = -3*x - v, -2*x = 3*v + 1. Give t(x).
10
Let d be (-3)/2*4/(-3). Let l(m) = -3*m + 7*m - 2*m**2 - 2 - 4*m + 4*m. Determine l(d).
-2
Let l(m) be the second derivative of -m**4/12 - 5*m**3/6 + 3*m**2 - 17*m. What is l(-5)?
6
Suppose 13 = 3*v - 3*h + 2*h, -5*h = -2*v - 13. Let y(t) = t**3 - 6*t**2 + 2*t - 8. Determine y(v).
4
Let b(y) be the third derivative of -y**8/6720 - y**7/1260 + y**5/30 + y**4/24 - 4*y**2. Let c(f) be the second derivative of b(f). What is c(-3)?
13
Let j(w) = -3*w**3 + 7*w**2 + 2*w - 4. Let l(u) = u + 0*u - 5 - 4*u**3 + 8*u**2 + u + 2. Let g(d) = 3*j(d) - 2*l(d). Determine g(5).
4
Let j(y) = -7*y. Suppose 0 = -2*h - 10 + 14. Give j(h).
-14
Suppose -16*u = -u + 15. Let v(n) = -14*n**3 + 2*n**2 + n. Determine v(u).
15
Let l(m) = 55*m - m**3 - 55*m + 2 + 2*m**2 - 1. Give l(3).
-8
Let j(c) = 2*c. Let a(y) = y. Let i(d) = -5*a(d) + 2*j(d). Determine i(7).
-7
Let c(g) = g**3 - 3*g**2 - 3*g - 2. Let h = -1 - -2. Let l(n) = -n**2 - 6*n. Let r be l(-5). Let k(s) = s**2. Let d(j) = h*c(j) + r*k(j). Determine d(-3).
-2
Suppose 5 = -5*n, -3*n + 5 = 2*h - 0*n. Let q(p) = p**3 - 3*p**2 + 1. Give q(h).
17
Let q(o) = -2*o**2 - 2*o + 1 + 6*o - 3*o. Let s(z) = -z - 9. Let c be s(-11). Let k = 0 + c. Calculate q(k).
-5
Let q be (-2)/(-1 - (-3)/6). Let w(f) be the first derivative of -1/3*f**3 - 2 + 5/2*f**2 + f. What is w(q)?
5
Suppose 3*t = -2*t. Let b be (2 - t)/(4 + -2). Let u(k) = -2*k**3 + 2*k**2 - 2*k + 1. Determine u(b).
-1
Let l(c) = c**3 + 5*c**2 - 4*c + 6. Suppose -2*x - 30 = 3*x. What is l(x)?
-6
Let v(b) = b + 5. Let u(r) = r**2 - 7*r + 4. Let y be u(6). Let d = y - -8. Let g be d/(-15) - 2/(-5). What is v(g)?
5
Let h = 2 - 2. Suppose h = -u + 5*n - 22 - 4, 5*n = -2*u + 8. Let m be 6/2 - (u + 14). Let j(s) = 3*s + 5. Give j(m).
-10
Let d(r) be the third derivative of 0*r + 6*r**2 - 1/12*r**4 + 1/3*r**3 + 0. Calculate d(2).
-2
Let h = 9 - 7. Let y(d) = -h*d - 7*d**2 + d + 0*d. Calculate y(-1).
-6
Let f be 5 - 6 - (1 + 2). Let o(t) = -5*t**3 + t**2 + 4*t - 7. Let w(z) = 14*z**3 - 2*z**2 - 11*z + 20. Let l(j) = f*w(j) - 11*o(j). What is l(-3)?
-3
Let q(h) = h**2 - 4*h - 3. Let a(j) = j**2 - 3*j - 2. Let t(g) = 3*a(g) - 2*q(g). Let u = -3 - -7. Let w = 7 - u. What is t(w)?
6
Suppose -2*g + r - 8 = 2*r, -14 = 3*g + 2*r. Let m = 1 - g. Let v(i) = -i**3 + 5*i**2 - 1 - m*i + 2 - 2. Determine v(4).
3
Suppose 3*k + 9 = -0*o + 3*o, -o = -4*k - 6. Suppose -o + 3 = n. Let c(j) = -8*j**2 - 1. Calculate c(n).
-9
Let a(q) = 1 - q**3 + 6*q + 2*q**3 - 5*q**2 - 5 + 0*q**3. Calculate a(4).
4
Let j(r) = -2*r + 13. Let h be j(9). Suppose 2*z = -3*z + 10. Let k(q) = 6 - q**2 + 3*q**z + 7*q - q**2. What is k(h)?
-4
Let g(w) be the third derivative of 1/6*w**3 + 0*w - 1/24*w**4 + 4*w**2 + 0. Let b(c) = -c**2 - 7*c - 3. Let q be b(-6). Determine g(q).
-2
Suppose -2 = -i, 0 = o + 4*i - 3*i - 8. Let c be (4/6)/(4/o). Let q(l) = -2*l - 3*l**2 + 1 + l**2 - l**2. Give q(c).
-4
Let v(l) = -5*l + 5. Let r(k) = 11*k - 11. Let j(h) = -4*r(h) - 9*v(h). What is j(1)?
0
Let